posite?
True
Is 3739315 prime?
False
Is 36151303 prime?
True
Is 3670795 composite?
True
Is 293783 a composite number?
True
Is 11003609 a composite number?
True
Is 2347667 a prime number?
False
Is 15247097 prime?
True
Is 14840363 composite?
False
Is 7867537 prime?
False
Is 141996389 composite?
False
Is 55348663 prime?
True
Is 10228511 a prime number?
True
Is 455801 composite?
True
Is 34500643 a prime number?
False
Is 339056285 a composite number?
True
Is 4696973 a prime number?
True
Is 116390209 a composite number?
True
Is 341199191 a composite number?
False
Is 106777579 composite?
False
Is 358814 composite?
True
Is 58408153 a composite number?
False
Is 1261837 a prime number?
True
Is 15745667 a composite number?
True
Is 115396841 prime?
False
Is 35799427 a composite number?
True
Is 265243273 a composite number?
False
Is 28499543 composite?
False
Is 2094029 composite?
True
Is 50716553 prime?
True
Is 1626371 prime?
True
Is 78789707 a prime number?
True
Is 530627254 a prime number?
False
Is 21488413 a prime number?
False
Is 511057751 a prime number?
False
Is 2055619 a composite number?
True
Is 40876349 a composite number?
False
Is 21420541 a composite number?
False
Is 53990791 prime?
False
Is 13133093 a prime number?
True
Is 494023 prime?
True
Is 72190091 composite?
False
Is 11449645 composite?
True
Is 218868623 a composite number?
False
Is 1718779 composite?
True
Is 19188941 prime?
True
Is 393747479 a composite number?
True
Is 35539727 prime?
True
Is 4822273 a prime number?
True
Is 34492247 a composite number?
False
Is 49481141 composite?
False
Is 46381 prime?
True
Is 65411 a composite number?
True
Is 57688903 composite?
False
Is 1499896015 prime?
False
Is 13280573 a prime number?
True
Is 23524931 a composite number?
False
Is 330296321 prime?
False
Is 60402247 a prime number?
False
Is 447923435 a prime number?
False
Is 3507007 a composite number?
True
Is 66064643 a composite number?
False
Is 351379807 prime?
False
Is 442931 prime?
False
Is 4556093 composite?
True
Is 1543631 composite?
False
Is 46245077 prime?
True
Is 84034003 a prime number?
False
Is 107385097 prime?
True
Is 11510351 prime?
False
Is 85979 composite?
True
Is 506509873 a prime number?
True
Is 220747 composite?
False
Is 4489651 composite?
False
Is 15957899 composite?
True
Is 1022291 composite?
False
Is 62777959 a composite number?
True
Is 81409 prime?
True
Is 2503559 prime?
True
Is 67109 a prime number?
False
Is 939077 composite?
True
Is 15901097 composite?
False
Is 6679 a composite number?
False
Is 11742299 a prime number?
True
Is 31727299 prime?
True
Is 3038554 a composite number?
True
Is 14041103 composite?
False
Is 979177057 a composite number?
False
Is 19550929 composite?
False
Is 360121 a composite number?
True
Is 468169699 prime?
False
Is 17238397 composite?
True
Is 331200547 a prime number?
True
Is 42613873 composite?
True
Is 13997849 prime?
True
Is 663825983 composite?
False
Is 619499609 a composite number?
False
Is 43344451 prime?
False
Is 44971013 composite?
True
Is 143636635 a composite number?
True
Is 131770813 prime?
False
Is 5298889 a prime number?
True
Is 598793 composite?
True
Is 28854547 a composite number?
True
Is 251151517 a prime number?
False
Is 7130311 composite?
True
Is 1320551 a prime number?
False
Is 8937263 composite?
False
Is 18808351 prime?
False
Is 580704347 prime?
True
Is 28372913 composite?
True
Is 5727829 prime?
True
Is 3101399 prime?
False
Is 13325129 composite?
False
Is 5937581 composite?
True
Is 9215707 composite?
True
Is 380317 a composite number?
True
Is 3085249 a composite number?
True
Is 12754009 a prime number?
True
Is 2218771 a composite number?
False
Is 5786269 prime?
True
Is 522133009 a composite number?
False
Is 232241 a composite number?
True
Is 2626433 prime?
True
Is 3587831 prime?
False
Is 309766 a composite number?
True
Is 62995039 prime?
True
Is 36853951 a prime number?
True
Is 37618369 a prime number?
True
Is 14445809 a composite number?
True
Is 22908533 prime?
True
Is 2701501 a composite number?
True
Is 20792329 composite?
False
Is 34502063 a prime number?
False
Is 9888847 prime?
False
Is 45152491 a composite number?
True
Is 138342341 a prime number?
True
Is 10230487 a prime number?
True
Is 8153239 prime?
False
Is 2806987 composite?
False
Is 116957831 a composite number?
True
Is 20342461 a prime number?
True
Is 198017581 a prime number?
False
Is 2049217 prime?
False
Is 93226687 composite?
False
Is 239048837 prime?
False
Is 17421779 composite?
True
Is 133675121 a composite number?
True
Is 100174021 prime?
False
Is 5434501 a prime number?
True
Is 8111393 composite?
False
Is 18727433 a prime number?
True
Is 1064797 prime?
False
Is 301974997 composite?
False
Is 3125449 a prime number?
True
Is 221167281 a composite number?
True
Is 129723179 composite?
False
Is 9575453 a prime number?
True
Is 143371753 a composite number?
True
Is 678793 composite?
True
Is 2202667 prime?
False
Is 1095551 composite?
False
Is 2094271 prime?
True
Is 64654703 a composite number?
True
Is 9864581 prime?
True
Is 1375621 a composite number?
True
Is 6639547 a composite number?
False
Is 176485223 prime?
True
Is 258463 composite?
True
Is 135998185 composite?
True
Is 4530217 composite?
True
Is 1061135 a composite number?
True
Is 119748383 a prime number?
True
Is 5821213 composite?
False
Is 5000851 a prime number?
True
Is 489529 a prime number?
True
Is 11156045 composite?
True
Is 5602871 prime?
True
Is 309145601 prime?
True
Is 1043241 composite?
True
Is 913113055 prime?
False
Is 1823567 composite?
False
Is 1163281 a composite number?
True
Is 237489529 a prime number?
True
Is 256090973 composite?
False
Is 72673987 composite?
False
Is 9600007 prime?
False
Is 5402317 a prime number?
True
Is 1310771911 composite?
True
Is 431945 prime?
False
Is 375536293 prime?
False
Is 1251434371 composite?
True
Is 22710979 prime?
True
Is 3688481 a prime number?
False
Is 1632871 a prime number?
True
Is 30529351 prime?
True
Is 4790582 a prime number?
False
Is 74363033 a prime number?
True
Is 2416481 composite?
True
Is 1579297 a composite number?
False
Is 75977299 a prime number?
True
Is 8735653 a composite number?
True
Is 12156983 prime?
True
Is 64322637 composite?
True
Is 149085793 a prime number?
False
Is 3862901 prime?
False
Is 106034869 a composite number?
False
Is 1229731 composite?
False
Is 3022939 composite?
True
Is 88145017 prime?
False
Is 16104146 prime?
False
Is 36616331 prime?
True
Is 20117477 composite?
True
Is 502656397 a composite number?
False
Is 9424087 a prime number?
False
Is 4599407 a prime number?
True
Is 4922927 a composite number?
True
Is 617917 prime?
True
Is 160848967 a composite number?
False
Is 4083007 prime?
False
Is 543463 a prime number?
True
Is 621560761 prime?
False
Is 18785831 a prime number?
False
Is 65794265 a composite number?
True
Is 135249839 composite?
False
Is 410439817 composite?
False
Is 24001019 a prime number?
False
Is 49611883 a prime number?
True
Is 5981629 a composite number?
False
Is 4315723 a composite number?
False
Is 103613 prime?
True
Is 48188003 a prime number?
False
Is 50303809 prime?
True
Is 10301073 prime?
False
Is 2499727 composite?
False
Is 327815 prime?
False
Is 3873823 a composite number?
True
Is 25602751 a composite number?
False
Is 26458801 prime?
True
Is 46938007 composite?
True
Is 394820953 composite?
False
Is 225333661 prime?
False
Is 12182799 prime?
False
Is 2501701 composite?
True
Is 151827317 a composite number?
True
Is 2077901 a composite number?
True
Is 331685723 prime?
False
Is 1531913 a composite number?
True
Is 35422337 prime?
True
Is 29324833 composite?
True
Is 6067247 a prime number?
False
Is 42685417 a prime number?
True
Is 112385111 composite?
False
Is 12098399 composite?
False
Is 15087193 a composite number?
True
Is 124881373 prime?
True
Is 867131 a prime number?
True
Is 10715453 composite?
True
Is 629677 a composite number?
True
Is 5561455 composite?
True
Is 418163 composite?
True
Is 6600541 a prime number?
False
Is 12188789 a prime number?
True
Is 4258409 a composite number?
False
Is 145148351 composite?
False
Is 206772431 a prime number?
False
Is 711619 a composite number?
True
Is 1841267 a composite number?
False
Is 1325533 a composite number?
True
Is 3533239 a prime number?
True
Is 1671337 prime?
True
I